be the second derivative of p(m). Give b(3).
-7
Let v(r) = -r**3 + 1. Let j(p) = 2*p**3 + 5*p**2 - 3*p - 8. Let k(u) = -j(u) - v(u). Determine k(-5).
-8
Suppose -4*o + 6 = n, 0 = -n + 2*n - 2*o. Let a(s) = 2*s**2 - n*s**3 + s + 3*s**2 - 2*s**2 - 2. Calculate a(2).
-4
Suppose 4*x + 1 = -11. Let c(k) be the third derivative of 0*k + 1/20*k**5 + 0 - 1/24*k**4 + 1/120*k**6 + 1/2*k**3 - 2*k**2. What is c(x)?
6
Let g be ((-5)/((-15)/(-24)))/(-2). Suppose 20 = -0*o + g*o. Let i = -1 + o. Let j(y) = -2*y + 6. Determine j(i).
-2
Let i(w) = w - 6. Suppose 0 = -2*k - 3*k - 15. Let h be (0 - k)*(-10)/(-6). Calculate i(h).
-1
Let s = -8 + 17. Let d(f) = s + 9*f - f**2 - 18 - f. Give d(6).
3
Suppose 9*u = -4*l + 13*u - 12, l - 4*u = -3. Let k(z) = z**3 + 5*z**2 + 2*z - 4. What is k(l)?
8
Suppose -67 = -4*v + c + 2*c, v = 5*c + 21. Let g be 4*2/(v/(-10)). Let f(l) = -l + 1 + 0 - 2. Give f(g).
4
Suppose 5*y = 3*y + 10. Let z(j) = 0*j + 2 + 3*j**2 + 0*j - y*j**2. Let u = 0 - 2. Calculate z(u).
-6
Let o(d) = 3*d**3 + 9*d**2 - 9. Suppose 4*f = -f - 25. Let r(b) = 2*b**3 + 6*b**2 - 6. Let h(x) = f*o(x) + 8*r(x). Give h(-3).
-3
Let v(b) = b**3 + b - 1. Let y be v(0). Let t = y + 4. Let z(m) = 6*m + 5. Let c(a) = -5*a - 4. Let j(i) = -4*c(i) - 3*z(i). Determine j(t).
7
Let u(o) = o + 4. Let p be u(-3). Suppose 2*k = 5 + p. Let s(x) = x - 1. Let h(d) = d - 1. Let l(z) = 3*h(z) - 4*s(z). Give l(k).
-2
Let b(l) = -4*l + 11. Let n(i) = -4*i**3 - i**2 + 1. Let r be n(-1). Let p(x) = -x + 3*x + 11 - x - r*x. Let g(u) = -2*b(u) + 3*p(u). What is g(5)?
6
Suppose 0 = -2*n - 4, 4*b + 16 = 6*b + 4*n. Let g(h) = h - 18. Calculate g(b).
-6
Let z(l) = l**2 - l - 2. Suppose 0*j = 5*j. Calculate z(j).
-2
Let d(g) = -g - 10. Let t be (3/2)/(6/(-40)). Let l be d(t). Let h = 0 - l. Let a(v) = v**3 - v**2 + v + 5. Calculate a(h).
5
Let y(j) be the second derivative of j**5/20 - j**4/2 + 5*j**3/6 - 3*j**2 - 5*j. What is y(5)?
-6
Let w = -11 + 7. Let p be w/10 + 48/20. Let h(i) = i + 2 - i + p*i. Calculate h(-3).
-4
Let k = -2 - -4. Let q(r) = 3 + 3*r**2 - 4*r**k - 6. Give q(3).
-12
Suppose 0 = 4*j + 4 + 12. Let b(q) = -q**2 - 5*q. Let k be b(j). Let h be k*-1 - -2 - -2. Let d(v) = -v**2 + 5. Give d(h).
5
Let s(z) = -10 + 11 + 6 - 7*z**2 + z**2 + z**3. Let q be 16/6*18/8. Calculate s(q).
7
Let m(w) = -w**2 + 7*w - 6. Let o be (-20)/(-2) + (3 - 7). What is m(o)?
0
Let c(p) be the first derivative of 3*p + 8 + 1/4*p**4 - 1/2*p**2 + 5/3*p**3. What is c(-5)?
8
Let o(m) = -m + 13. Suppose 2*p - 8 = -2*p + 5*v, -41 = -3*p - 5*v. Determine o(p).
6
Suppose 2*u = -w - 7, 0 = -2*w - 6*u + u - 18. Let n(c) be the second derivative of -3*c**3/2 + c**2/2 - 9*c. Give n(w).
-8
Let i be 2*(-3)/6*0. Let o(y) = 12*y - 33*y + 20*y - 7 + y**2. What is o(i)?
-7
Let q(i) be the third derivative of i**5/60 - i**4/12 + i**3/6 - i**2. Suppose 3*x + 2*x - 85 = 0. Suppose 0 = 4*v + 5 - x. Give q(v).
4
Suppose -3*i - 4*i + 35 = 0. Let r(z) = -2*z + 3. What is r(i)?
-7
Let d(x) = 6*x + 5. Let s(y) = y + 1. Let t(n) = d(n) - 4*s(n). Let f = -4 - -4. Suppose -z - 3*c = -12, -z + 5*c - 12 - 16 = f. Calculate t(z).
-5
Let z(w) = 2*w**2 + 3*w. Let q be z(-2). Let a(c) = 0 + 8*c**q + c**3 - 11*c**2 - 3*c - c - 1. Calculate a(3).
-13
Let d(q) = q + 14. Let j be d(-11). Suppose 8*n = j*n + 10. Let t(b) = -2*b + 2. Determine t(n).
-2
Let g(q) = 3*q**4 + 4*q**2 + 7. Let c(m) = 8*m**4 + 11*m**2 + 20. Let l(u) = -4*c(u) + 11*g(u). Let k(i) be the first derivative of l(i). Give k(-1).
-4
Let h(q) = q**3 - 4*q**2 + 3*q - 1. Let b = -26 + 41. Let g = b - 12. Determine h(g).
-1
Let s(t) = 2*t**2 + 2*t + 3. Let c(z) = z**3 - 6*z**2 - z + 3. Let x be c(6). Determine s(x).
15
Suppose -p = -6*p - 20. Let a(j) = j**3 + 4*j**2 - 2*j. Give a(p).
8
Let n(a) = -a - 1 + 2 + 1 + 2*a. Let m be n(-3). Let l(f) = f**2 - f. Calculate l(m).
2
Let t(l) be the second derivative of 2*l**5/5 - l**4/12 - l**3/3 - l**2/2 - 4*l. What is t(-1)?
-8
Let q(p) be the third derivative of p**4/24 + 5*p**3/2 - 12*p**2. Calculate q(-7).
8
Let u(s) = s**2 + 11*s + 6. Suppose 0 = a - c + 5*c - 9, 30 = -5*a - 5*c. Calculate u(a).
6
Suppose 2*c - c = u - 5, -4*c = 5*u - 16. Let n(v) = -v**2 - 2*v + 1. Let i(l) = 6*l**2 + 9*l - 5. Let s(h) = -2*i(h) - 11*n(h). Give s(u).
-1
Let s(u) = u + 23. Let p(j) = j + 13. Let b be p(-13). What is s(b)?
23
Let q(u) be the second derivative of 0 + 0*u**2 + 5/3*u**3 + 5*u. Give q(-1).
-10
Let o(i) be the first derivative of i**2/2 + 12*i - 22. Give o(0).
12
Let v(o) = -o**3 + 3*o**2 + 2*o - 3. Let z(l) = -l + 7. Let f(p) = -4*p**3 + p**2 + 2*p + 1. Let w be f(-1). Let u be z(w). What is v(u)?
3
Let w(o) = o**3 + 6*o**2 + 5*o - 2. Let i(d) = -d - 21. Let z be i(-16). Give w(z).
-2
Let y be 8/(-12) - (-5)/3. Let a(f) = -5*f**3 - f**2 + f. Let s be a(y). Let c(r) be the third derivative of -r**4/24 - r**3/6 + r**2. What is c(s)?
4
Suppose l + 2 - 7 = 0. Let n be (-15)/(-10) + (-2)/(-4). Let x(f) = -4*f**n - 3*f + l*f - 3 + 3*f**2. Determine x(3).
-6
Let k(u) be the first derivative of -u**2/2 + 5*u + 6. Give k(0).
5
Suppose -6*c + 5 = -c + q, 2*c = -3*q + 2. Let i be c + 2*13/(-2). Let n = i + 8. Let b(x) = -x**3 - 4*x**2 - x + 4. Calculate b(n).
8
Let t(s) = 2*s**2 - 15*s + 5. Let p(j) = j**2 - 7*j + 2. Let x(y) = -9*p(y) + 4*t(y). Calculate x(5).
-8
Let t(z) = 8*z**2 - z + 1. Suppose -y = -4 + 5. Let i(j) = -j**3 + j + 1. Let m be i(y). What is t(m)?
8
Let d(y) = -28 + 11 - 2*y + 7. Give d(8).
-26
Let c(n) = n. Let s be c(0). Suppose 0 = l - 5*g - 12, g + 4 = l - s*l. Let h(i) = -i**2 - i + 0*i**l - i. Give h(-2).
0
Suppose -l - 2*l = -6. Let i(o) = o**2 - l*o**2 + o + 1 + 0. Suppose p - 3 = c, -3 = -0*p - p. Give i(c).
1
Let d(p) = 3*p. Let k(h) = 3*h**2 - 4*h - 1. Let m be k(2). What is d(m)?
9
Let b(v) be the first derivative of -v**2/2 + v - 1. Let o(w) = w**3 - 4*w**2 - 2*w + 6. Let h be o(4). Let f = h - -5. Determine b(f).
-2
Let b(l) be the third derivative of -l**6/120 + l**5/20 - l**4/24 + l**3/2 + l**2. Suppose 0 + 9 = x. Suppose -2*w + x = w. Determine b(w).
0
Let c(n) = n**3 + n - 5. Let x(s) = 3*s**2 + 3*s + 6. Let h be x(-5). Let z = -46 + h. Suppose -2*w + w - 5*i - 20 = 0, 5*w - 5*i = z. What is c(w)?
-5
Let b(i) = -i. Let o be b(-5). Let h(a) = -4 + 0 + o - a**3. What is h(1)?
0
Let u(l) = -2*l**3 + l**2 - l. Let k(y) = -y**2 - 5*y. Let d be k(-5). Let p(m) = -m**2. Let a be p(d). Suppose 0 = -3*g - a + 3. Determine u(g).
-2
Let y(n) = n**2 + 3*n - 1. Let g = -7 + 8. Let k = -4 + g. Calculate y(k).
-1
Let j(b) = 7*b - 2*b**2 - 4*b + 3 + 3*b**2 + 0*b**2. Let d be 2/(-4) - (-12)/(-8). Determine j(d).
1
Let q(n) = -n**3 + 3*n**2 - 2*n - 2. Let r(j) = j**2 + 2*j - 1. Let l be r(-3). Let x be q(l). Let g(y) = y**2 + 2*y + 2. Calculate g(x).
2
Let y be 1/7 - (-256)/(-28). Let w = -11 - y. Let j(p) = p**2 - 2*p - 3. Determine j(w).
5
Let w(c) = 2*c - 2. Let k(z) = 5*z - 5. Let l(x) = 3*k(x) - 8*w(x). Calculate l(-5).
6
Let x(q) be the third derivative of -q**6/120 - 2*q**5/15 - q**4/12 - 2*q**3 + 11*q**2. Calculate x(-8).
4
Let j(q) be the second derivative of 2*q + 0 + 0*q**2 - 1/2*q**3. Let x(d) = -d**3 + 8*d**2 + 8*d + 10. Let a be x(9). Determine j(a).
-3
Let k be (-4)/10 + 210/25. Let d(v) = 2 - k + 3*v + 0 - 4*v. Give d(0).
-6
Let n(y) = y**3 + 5*y**2 - 5*y + 7. Suppose h + 12 = 13. Suppose 5 + h = -d. What is n(d)?
1
Let k(l) = -10*l**3 + 2*l + 1. Suppose w - 24 = 4*w. Let x = -9 - w. What is k(x)?
9
Let v(d) = -d - 6. Let p(a) = 2*a + 13. Let f(r) = -4*p(r) - 9*v(r). Let t(h) = -h + 1. Let x be t(-4). Calculate f(x).
7
Let l = -1 + 3. Let u(y) be the second derivative of y**3/3 + 10*y. Give u(l).
4
Let y(l) = -l + 4. Let v(c) = c + 4. Let f be v(6). Suppose -5*i = -3*i - f. What is y(i)?
-1
Let b(q) be the first derivative of q**4/4 - 2*q**3 + q**2 + 3*q + 28. Give b(5).
-12
Let f(m) be the first derivative of -m**7/840 - m**6/120 + m**5/30 - m**4/8 + 2*m**3 - 3. Let a(x) be the third derivative of f(x). Determine a(-4).
-3
Let v(c) = 3*c**2 - 2*c - 1. Let f(l) = -l**3 + 4*l**2 - l + 3. Let h be f(4). Determine v(h).
4
Suppose -3 + 63 = 12*s. Let q(p) = p - 2. Determine q(s).
3
Let b(x) = 0 - 1 + 0 - 2*x. Give b(4).
-9
Let y(j) = 3 - 24*j**2 - 6*j + 54*j**2 - 29*j**2. Calculate y(4).
-5
Suppose 2*l - 7 = -3*